 20 = 0. Suppose 5*d - 114 = -3*o, 5*d - 4*d = k*o + 6. What are the prime factors of d?
3, 7
Suppose -12*r + 911 = -913. List the prime factors of r.
2, 19
Let g(v) = 2*v. Let r = 6 + -10. Let b = r - -9. What are the prime factors of g(b)?
2, 5
Let h(i) = -3*i + 2. Let m be h(-2). Let d = -6 + m. List the prime factors of d.
2
Let z be ((-18)/24)/((-1)/4). Suppose -z = -5*j + 4*j. What are the prime factors of j?
3
Let v(x) = x + 10. List the prime factors of v(6).
2
Let p(q) = -6*q - 5. What are the prime factors of p(-2)?
7
Let l = 16 + -12. List the prime factors of l/5*(-55)/(-2).
2, 11
Let z(l) = 23*l**3 - 2*l**2 - 3*l + 4. List the prime factors of z(2).
2, 3, 29
Let w(q) = q**3 + 4*q**2 + 1. Let r be w(-3). Suppose -s - r = -2*s. List the prime factors of s.
2, 5
Suppose 4*r = 264 + 76. List the prime factors of r.
5, 17
Let d = -8 - -5. Let p be -3 + d/(2 + -5). What are the prime factors of 8/(12/(-9) - p)?
2, 3
Let g(t) = t**2 + 4*t + 2. Let c be g(-4). Suppose -117 = -5*s + q, 0*s - 50 = -2*s + c*q. What are the prime factors of s?
23
Suppose 0 = 4*w - 2*u - 28, w - 8 = -2*u + 4. List the prime factors of w.
2
Let x be 0/(0 + -1) + -5. Let t = 0 + 0. Let c = t - x. List the prime factors of c.
5
Suppose s - 5*s = -8. Let z(c) = c**3 + 4*c**s + 4 - 3 - 3. List the prime factors of z(-3).
7
Let w(o) = -o + 4. Let b be (-1)/(-2)*-2 - -7. Let g be w(b). Let z = 4 + g. What are the prime factors of z?
2
Let b = 16 + -14. Suppose 22 = 3*y + 2*h, b = -y + 4*h - 0. List the prime factors of y.
2, 3
Let n(i) = -i**2 + 52. What are the prime factors of n(0)?
2, 13
Suppose 2*c - 474 = 3*w - 1340, 2*w = 3*c + 579. List the prime factors of w.
2, 3
Let x be -2 - -1*-1*15. Let g be 6/18 + x/(-3). Let l(c) = -c**2 + 9*c - 8. What are the prime factors of l(g)?
2, 5
What are the prime factors of 12/(-27)*(-6)/4*57?
2, 19
Suppose -i = s - 91, -5*i + 240 = 2*s + 55. List the prime factors of s.
2, 3, 5
Suppose n - 18 = -3*u, -4*n = -2*n - 4*u - 66. What are the prime factors of n?
3
Suppose -3 = 2*r - 55. List the prime factors of r.
2, 13
Let o = -8 + 18. List the prime factors of o/4*84/10.
3, 7
Let v = -8 - -2. Let r(q) = -q**2 - 7*q - 3. What are the prime factors of r(v)?
3
Let m(l) be the third derivative of l**5/60 - l**4/12 - 7*l**3/6 + l**2. Let c(v) = -v**2 + 7*v - 5. Let f be c(5). What are the prime factors of m(f)?
2
Let u = 334 + -139. What are the prime factors of u?
3, 5, 13
Suppose 0 = -3*n - 12. Let k = n - -10. List the prime factors of k.
2, 3
Let r(z) = -z**2 + z + 1. Let l(q) = q**2 - q - 1. Let p be l(2). Let u be r(p). Suppose 3*v - 25 = -u. What are the prime factors of v?
2
Suppose 2*i - 4*r = -i + 229, -4*i + 276 = 2*r. What are the prime factors of i?
71
Let x be -6*(1 + -6)*1. Let t = x + -6. List the prime factors of t.
2, 3
Let w be (-1 - 2)*(-8 + 7). Suppose -4*l = w*r + 13 - 59, 5*l + 2*r - 54 = 0. What are the prime factors of l?
2, 5
What are the prime factors of (0 + -3)/((60/(-496))/5)?
2, 31
Let w(v) = -v**3 - 4*v**2 - 12*v - 4. What are the prime factors of w(-6)?
2, 5, 7
Let m = -137 - -197. What are the prime factors of m?
2, 3, 5
Let m = -7 + 9. Suppose 0 = -f - 5*t + 27, -3*t = -2*f - m*f + 16. List the prime factors of f.
7
Suppose -4*j + 8 = -2*j. Suppose 6*l - 10 = j*l. Suppose -l*u - 2*h = -17, 3*u = 5*h + 26 + 9. What are the prime factors of u?
5
Let f(l) = -62*l + 2. List the prime factors of f(-1).
2
Let d = -4 + 7. List the prime factors of ((-3)/(-2))/(d/12).
2, 3
Suppose 6*g = 3*g + 453. What are the prime factors of g?
151
Suppose 79 = -i + 5*i - u, 55 = 3*i - 5*u. List the prime factors of i.
2, 5
Suppose n - 2*n = -6. Suppose 2*j = -j + n. List the prime factors of j.
2
Let i(v) = v - 6. Let y be i(-6). Let k = y + 29. What are the prime factors of k?
17
Let j(z) = 4*z**2 - z - 7. Let h(y) = y**2 - 1. Let w(c) = -3*h(c) + j(c). Let r be w(4). What are the prime factors of 18/(-8)*r/(-3)?
2, 3
Let t(z) = -z**3 + 7*z**2 + 7*z + 1. Let h be t(6). Suppose 3*v - 5*p - h = 0, v - 2*p = 6*v - 142. What are the prime factors of v?
2, 7
Let r(u) = 6*u - 7. List the prime factors of r(7).
5, 7
Let t be 11/2 - 1/(-2). Let f = t + -8. List the prime factors of (-27)/f*2/3.
3
Let y = -28 + 104. What are the prime factors of y?
2, 19
Let d = 293 - 69. Suppose z + d = 5*z - 2*w, w = 5*z - 274. Suppose -2*l - l = -z. What are the prime factors of l?
2, 3
Suppose 2*i = r - 5, -5*r - 2*i - 3*i + 25 = 0. Suppose -2*h - 4*q = 1 - r, -2*q = 4. What are the prime factors of h?
2, 3
Let q be -7 + (-3 - -3) + -3. Let f be (-2)/(-5) - 26/q. Suppose f*t + 46 = u + 4*u, 2*t = u - 5. List the prime factors of u.
11
Suppose 0 = -5*x + x + 344. List the prime factors of x.
2, 43
Suppose -5*b + 104 + 26 = 0. Let f(r) = r**3 + 5*r**2 + 1. Let h be f(-4). Let q = b - h. List the prime factors of q.
3
Let n be 84 + 3/3*-1. Suppose -4*d - 2*r = 3*r - n, d - 23 = r. What are the prime factors of d?
2, 11
Suppose 0 = 5*b + 3*f - 2*f - 78, -5*b + 4*f = -88. Suppose -b = -x + g, -54 = -2*x - 5*g + 13. List the prime factors of x.
3, 7
Suppose 2*j - 3*j = -4. Let z = 8 - j. Let w = z - -3. What are the prime factors of w?
7
Suppose -2*f = -538 + 170. What are the prime factors of f?
2, 23
Let w(g) = 47*g - 14. List the prime factors of w(3).
127
Let p(s) = -s**3 + 9*s**2 - 5*s + 4. Let y be p(8). Suppose 15 = -5*m, 2*m + 4 = -5*w + y. What are the prime factors of w?
2, 3
Let s(d) = d**3 + 8*d**2 - 3*d. Let h(x) = x**2. Let p(r) = -6*h(r) + s(r). Suppose 3*u + 28 = 5*a + 3, 4*u + 20 = 0. List the prime factors of p(a).
2, 5
Suppose 126 = y + h, 2*h = 3*y - 179 - 189. List the prime factors of y.
2, 31
Suppose 0*d - 3*j = d - 126, -3*j = 12. What are the prime factors of d?
2, 3, 23
Let b = 16 - 6. Suppose b - 3 = h. List the prime factors of h.
7
Let s = -21 + 11. What are the prime factors of 30/4 + 15/s?
2, 3
Let w(c) = c**3 + 7*c**2 - 6*c - 6. Let b be w(-8). Let q = -17 - b. List the prime factors of q.
5
Suppose 12 = -t + 65. List the prime factors of t.
53
Let n(r) = -3*r**3 - r**2 + 2*r + 2. Let a be n(-1). Suppose -2*m - 4*y = -92, -5*m = -y - a*y - 178. What are the prime factors of m?
2, 19
Let f(b) = b**3 - 3*b**2 - 4*b + 6. List the prime factors of f(5).
2, 3
Let q be -106*(4 + 2 + -5). What are the prime factors of q/(-4)*(12 - 10)?
53
Let w(r) = 3*r**2 - 4*r + 1. Suppose -x = 4*m - 8, -2*x = -4*m + 3*x + 32. Let n be w(m). Suppose 3*q + n = 76. What are the prime factors of q?
2, 5
Let u(x) = 3*x - 53 + 22 + 24. What are the prime factors of u(8)?
17
Let d(j) = j**3 + 3*j**2 - 5*j + 1. Suppose -55 = -2*f - 11. Suppose -f = 5*t - 2. List the prime factors of d(t).
5
Let p(j) = -4*j + 1. Let w be p(-2). Let u(m) be the third derivative of -m**4/24 + 13*m**3/6 - m**2. What are the prime factors of u(w)?
2
Suppose -3*o - 8 = -4*b - 4*o, b - 3*o = 2. Suppose d - 6 = -b*d. Suppose 2*y + 2 = d*u - 0, 3*u = y + 9. List the prime factors of u.
2
Let m(p) = p**3 + p - 2. Let z be m(2). Suppose y + z = 3*y. Suppose j + 3*g = -j + 24, -y*g = -3*j + 19. List the prime factors of j.
3
Suppose 0 = s - t + 21, 2*s + 0*s + 7 = -5*t. Let z = -4 + -20. Let g = s - z. List the prime factors of g.
2
Let s(d) = d**3 - 3*d**2 - 6*d + 3. Let b be 2/4 + (-18)/(-4). List the prime factors of s(b).
23
Let m = 9 + -10. List the prime factors of (0 - -1)/m - -3.
2
Let h(s) = s**3 - 3*s**2 + 5. Let u be (-8)/28 + 30/7. List the prime factors of h(u).
3, 7
Let b be 3*2/(-2) - -4. Let i = 1 + b. List the prime factors of 10 - (2 + i + -2).
2
Suppose -3*j = 5*n - 0*j + 5, -4*n + 4*j + 28 = 0. Suppose -3*l + n*l + 5 = 0. List the prime factors of l + 5 + (-2)/2.
3
Let w(o) be the second derivative of o**5/12 - o**4/24 + o**3/6 + 2*o. Let d(m) be the second derivative of w(m). List the prime factors of d(1).
3
Suppose 8*f = 10*f - 26. Let x = f - -8. List the prime factors of x.
3, 7
Let g be (-44)/11 - (-1 - 3). List the prime factors of -2 + 14 + g/(-3).
2, 3
Suppose -2*r + 67 = 3*u + 22, 3*r - 65 = -5*u. List the prime factors of r.
2, 3, 5
Let i(o) = o**2 + 11*o - 57. What are the prime factors of i(13)?
3, 5, 17
Let y = 47 - 29. List the prime factors of y.
2, 3
Suppose 0 = 2*t + 672 - 0. Let o be (-6)/33 - t/33. Suppose -3*z + o = -17. List